housands digit of s?
1
Let w(c) = c + 2. Let d(n) = -n**2 + 2*n + 10. Let h(m) = m**3 + m**2 - 3*m - 2. Let t be h(-2). Let o be d(t). What is the units digit of w(o)?
2
Let w be (-3)/((-15)/20)*7/2. Suppose w*v + 5890 = 33*v. What is the hundreds digit of v?
3
Suppose -6 = -8*b + 6*b. What is the hundreds digit of 16/b + -5 - 326/(-3)?
1
Let y(c) be the third derivative of 7*c**5/30 - 2*c**3 - 41*c**2. Let r be y(-6). Suppose -5*f - 2*o + 518 = 0, 5*f - 31 = 3*o + r. What is the tens digit of f?
0
What is the units digit of (-30)/(-3) - (-7 - 3555)?
2
Let b(y) = y**3 - 11*y**2 + 4*y - 4. Suppose 0 = -4*u - 0*u - 3*v + 91, 4*v + 37 = u. Let w be (u - 12) + -1 + -1. What is the tens digit of b(w)?
4
Let h = 613 - 7. Suppose -5*c + 4*j = -649, -94 + h = 4*c + 4*j. What is the hundreds digit of c?
1
Let g(i) = 10*i**3 + 125*i**2 - 154*i - 6. What is the units digit of g(14)?
8
Suppose -2*v + 380 = 374. Suppose -793 = -4*d + 5*g, 4*d + v*g - 820 = -g. What is the tens digit of d?
0
Suppose -3*d = -4*c + 67002, 16*c - 2*d - 50253 = 13*c. What is the tens digit of c?
5
Let d = 11 + -4. Suppose -d*v - 15 = 48. Let z(c) = c**2 + 5*c - 16. What is the tens digit of z(v)?
2
Suppose 5*p = 4*x - 210426, -40*p = 9*x - 45*p - 473496. What is the tens digit of x?
1
Suppose 0 = 8*p - 83585 - 12407. What is the tens digit of p?
9
Let q(l) = 9*l - 1. Let d be q(3). Suppose -4*a = -5*k + 46, 3*a + a + d = 3*k. Suppose 8*x - k*x = -294. What is the units digit of x?
7
Let w = -18902 + 57527. What is the tens digit of w?
2
Suppose -666*p = -413*p - 15607570. What is the hundreds digit of p?
6
Let c(o) = 142*o**2 + 137*o + 1142. What is the units digit of c(-11)?
7
Let r(w) = -29*w - 77. Suppose 8*q + 12*q = -400. What is the units digit of r(q)?
3
What is the units digit of ((-6)/(-1))/(-1)*(-1119222)/1404?
3
Suppose -z - 93 = 5*h - 30, -3*h + 5*z - 21 = 0. Let m = h + 16. Suppose -j - 156 = -2*p, 69 = -m*p + 5*p - 5*j. What is the units digit of p?
9
Suppose -61204 = 18*z - 40*z. What is the tens digit of z?
8
Suppose 0 = 2*b + 25*z - 29*z - 75304, 2*z = -4. What is the thousands digit of b?
7
What is the units digit of (-20*(-2303)/490)/(-1 - (-77)/76)?
4
Suppose -v = -51*l + 50*l - 6489, -4*v + 2*l + 25948 = 0. What is the tens digit of v?
8
Let l = 38350 - 26872. What is the hundreds digit of l?
4
Suppose 3*k + 7*u = -21, 30 - 47 = k + 4*u. What is the units digit of k?
7
Let k be (16/(-12))/(2/(-54)). Suppose 5*d + 6 = -14, 4*t = 3*d + k. Suppose 264 = t*x + 24. What is the tens digit of x?
4
Let b(p) = p**2 - 8*p + 4. Let r be b(8). Suppose -2*l - j + 623 = 0, 2*j = r*l + 558 - 1792. Let q = l + -204. What is the tens digit of q?
0
Suppose 0 = -2*c, 0 = -f + 21*c - 25*c + 23067. What is the units digit of f?
7
Let i(v) = 23*v**2 - 26*v - 94. Let o be i(-5). Let g = -528 + o. What is the units digit of g?
3
Let i = -62 - -112. Suppose -2*m + 5*m + 5*w = 40, 5*w = 3*m - i. Suppose 4*r - 13 = m. What is the units digit of r?
7
Let q = -230 - -238. Suppose 8*a = -q*a + 8048. What is the hundreds digit of a?
5
Let l(v) = 3*v**2 + v - 12. Let s be l(5). Suppose -2*t + 220 = -4*r - s, -5*t + 745 = -5*r. What is the hundreds digit of t?
1
Let y be 4/(-22) + (-2152)/22 + 0. Let m be (y/(-2) - -3)/1. Suppose -m = 8*v - 1516. What is the tens digit of v?
8
Let z = 17982 + -8408. What is the units digit of z?
4
Suppose -2*n - h + 307 = 0, -5*h + 110 = 5*n - 670. Let u = n - -295. What is the units digit of u?
6
Let s = 1099 - 602. Let c(l) = -54*l - 627. Let x be c(-18). Let g = s - x. What is the hundreds digit of g?
1
What is the hundreds digit of (5 - 7/((-7)/(-5))) + 3 - -19723?
7
Let h(u) = u - 2. Let j be h(0). Let c be (3/j)/(-6 - 1855/(-308)). Let o = 147 + c. What is the units digit of o?
1
Let w = 21146 + 22506. What is the hundreds digit of w?
6
Let b = 91 + -60. Suppose -b*i - 693 = -3514. What is the units digit of i?
1
Suppose 11*x - 179281 = 529566 + 160527. What is the tens digit of x?
3
Suppose 106*i + 49*i - 855498 = -157843. What is the thousands digit of i?
4
Let c(n) = -n**3 + n**2 - n. Let j(d) = 385*d**3 - 4*d**2 - 3*d - 1. Let f(b) = -c(b) - j(b). What is the hundreds digit of f(-1)?
3
Let b(c) = -c**3 + 31*c**2 + 35*c + 71. Let s be b(32). Suppose n - s = 215. What is the tens digit of n?
8
Suppose -17404 = 14*u - 130552. Let i be 2/3 + u/27. Suppose i = -n + 5*n. What is the units digit of n?
5
Suppose 0 = 4*s + w + 4, -w + 2 = s. Let x(m) = 3*m + 2. Let t be x(s). Let q = t + 52. What is the units digit of q?
8
Suppose n + 8 = 0, 38*f - 42*f - n = -3020. What is the tens digit of f?
5
Let t = -212 - -237. Suppose 6 = -2*o - 4*z, 4*o + 0*o + 27 = -5*z. Let c = t + o. What is the units digit of c?
2
Let p = 582 - 331. What is the units digit of p?
1
What is the tens digit of 3312*10/140*35?
8
Let g(l) = l**2 - 2*l - 10. Let y be g(6). Suppose 0 = -13*n + y*n + 1182. What is the tens digit of ((-33)/(-12))/11 + n/(-8)?
4
Suppose 0 = 47*g - 33*g - 336. What is the units digit of (-6)/g*8 + (-1 - -408)?
5
Suppose m + 3*m - 300 = -s, -270 = -s + 2*m. Suppose 0 = -3*i - 5*c + s, -40 = -2*i + c + 164. Let r = -13 + i. What is the units digit of r?
7
Suppose -5*z = y - 39733, -3*y - 39742 = -5*z - 7*y. Suppose -10*w = 2296 - z. What is the units digit of w?
5
Suppose -31*m + 21*m + 465360 = 30*m. What is the thousands digit of m?
1
Suppose -3*n = 4*w - 109, -11*n + 4*w = -10*n - 31. Suppose 2455 = 40*r - n*r. What is the hundreds digit of r?
4
Let a(j) = -3*j - 16. Let n be a(-2). Let q = n + 30. Suppose q*l - 23*l = -252. What is the units digit of l?
4
Let o = 0 + 0. Suppose -3*l - 22 + o = 4*g, -g - 6 = l. Let f(c) = -4*c**3 - c**2 + 3*c + 1. What is the tens digit of f(l)?
2
Let a = -1494 + 24549. What is the tens digit of a?
5
Suppose 0 = 16*k - 270730 - 114598. What is the units digit of k?
3
Let v be (309/4)/((-7)/(-56)). Let z be (30/25)/(-6) - 182/(-10). What is the units digit of -2*v/(-4)*6/z?
3
Let j(p) = -2*p - 13 + 3 + 4 + p. Let c be j(-10). Suppose -c*t - 40 = -188. What is the tens digit of t?
3
Let r = 67 + -98. Let c = r + 32. What is the tens digit of 53 + c + -2 + 5?
5
Suppose -8*j + 312702 = -3*m - 73920, 0 = 2*m + 4. What is the thousands digit of j?
8
Let u = -234 + 309. Suppose u*s = 56*s + 15884. What is the units digit of s?
6
Let u(l) = -2 + 1 - 109*l**3 - 2*l + 42*l**3 + 0. Let v be (-2 + 0)*(-2)/(-4). What is the tens digit of u(v)?
6
Let a = 250 - 280. What is the tens digit of 2/((a/(-6))/1430)?
7
Suppose 0*l = -2*p + 5*l + 32, 2*p = -3*l. Let k = 250 + -241. Suppose -126 = -k*r + p*r. What is the tens digit of r?
4
Let i = -139 + 147. What is the tens digit of (-2)/(i/(-62))*(-24)/(-6)?
6
Suppose 5*g = -0*g + 5*w, 0 = -4*w + 8. Let o(m) = 35*m - 7. Let h(d) = 1. Let n(t) = 4*h(t) + o(t). What is the units digit of n(g)?
7
What is the units digit of 5357/(-2)*(32 - 10)/(-11)?
7
Let o be (-1)/(-6) - (-11490)/180. Suppose o*w = 74*w - 3430. What is the tens digit of w?
4
Let u(k) = 328*k**2 - 303*k + 3004. What is the hundreds digit of u(10)?
7
Let p = 17 - 14. Let i be 6/(-12) + 670/4. Suppose 4*o - 96 = 4*j, 5*o + 41 - i = p*j. What is the units digit of o?
7
Suppose 55258 + 282182 = -9*i + 49*i. What is the thousands digit of i?
8
Let r = 26952 + -321. What is the ten thousands digit of r?
2
Let a(i) = 2*i**2 + 45*i - 44. Let k be a(15). Let j = k + -72. What is the units digit of j?
9
Let y(g) = 1780*g**2 - 811*g + 3227. What is the ten thousands digit of y(4)?
2
Suppose 0 = -3*m + 1786 + 371. Let g = m - 326. What is the hundreds digit of g?
3
Let u = -538 + -590. Let c = -490 - u. What is the hundreds digit of c?
6
Let l(o) = 107*o**2 + 31*o - 259. What is the thousands digit of l(7)?
5
Let c(r) = -76*r**2 + 7*r + 15. Let t be c(-4). Let f = -568 - t. What is the units digit of f?
1
Suppose -2*u + 28 = 3*q + 9, -3*q + 14 = u. Suppose u*z + 2990 = 8*z - j, 4*z - 3991 = -3*j. What is the tens digit of z?
9
Let b(t) = t**2 - 3*t - 2. Let k(q) = -2*q**2 + 7*q + 4. Let h(z) = -7*b(z) - 3*k(z). Let x be h(2). What is the units digit of 4 + 45 + x + 6?
3
Let l be (0 - -22) + (-2 - -6). Suppose j - 4*z = z - l, 3*z - 42 = 5*j. Let d(c) = -10*c + 15. What is the units digit of d(j)?
5
Suppose -133*q = -438837 - 325248. W